highest common divisor of 348 and 89290488?
12
Calculate the greatest common factor of 10083398 and 40478.
1094
What is the highest common divisor of 51054244 and 7396?
172
Calculate the highest common factor of 938970 and 58.
2
Calculate the greatest common factor of 6001 and 597771.
17
Calculate the greatest common factor of 246 and 402286998.
246
Calculate the greatest common divisor of 147968 and 73216.
512
What is the greatest common factor of 19588044 and 252?
84
What is the greatest common factor of 15038 and 487275?
73
Calculate the highest common divisor of 3245 and 601810.
55
Calculate the greatest common divisor of 1188 and 1430352.
1188
Calculate the greatest common factor of 233346519 and 42.
21
What is the highest common divisor of 785984 and 576?
64
Calculate the highest common factor of 952102 and 156128.
1394
Calculate the greatest common factor of 15523 and 43073.
19
What is the highest common factor of 88 and 2055559?
11
Calculate the highest common divisor of 90 and 11517174.
18
What is the greatest common divisor of 433350 and 27097750?
5350
What is the highest common divisor of 78668 and 55877?
71
What is the greatest common divisor of 2576754 and 100566?
666
What is the highest common divisor of 13240 and 1050740?
20
Calculate the greatest common divisor of 13120 and 424640.
320
What is the greatest common factor of 116 and 88991372?
116
What is the greatest common divisor of 438520 and 1402110?
5770
What is the greatest common factor of 23040 and 19709280?
1440
Calculate the highest common divisor of 8646506 and 3032.
758
Calculate the greatest common divisor of 103270 and 13570.
230
What is the highest common divisor of 579166308 and 2436?
2436
What is the greatest common divisor of 18540 and 11430?
90
Calculate the highest common divisor of 12251732 and 57.
19
Calculate the greatest common factor of 114 and 1959570.
6
What is the greatest common divisor of 8928 and 322546878?
558
Calculate the highest common divisor of 288 and 2810.
2
Calculate the highest common divisor of 1265414 and 2254.
46
Calculate the greatest common divisor of 2327397 and 9693.
1077
What is the highest common divisor of 358430567 and 85?
17
What is the greatest common factor of 13899525 and 300?
75
Calculate the greatest common factor of 82 and 151149903.
41
Calculate the greatest common divisor of 1063438 and 40754.
142
What is the greatest common divisor of 83072534 and 4904?
1226
Calculate the greatest common factor of 9961497 and 104013.
819
What is the highest common factor of 948071451 and 4089?
4089
What is the greatest common factor of 45699464 and 12704?
3176
Calculate the highest common divisor of 18104 and 3849728.
584
What is the greatest common divisor of 844 and 198026876?
844
Calculate the highest common divisor of 1785 and 28816785.
255
Calculate the greatest common factor of 18990279 and 2016.
63
What is the greatest common factor of 7064097 and 1878?
939
Calculate the highest common divisor of 4795 and 53772089.
959
Calculate the highest common factor of 49184 and 17824.
32
Calculate the highest common factor of 18 and 8995419.
9
What is the highest common factor of 4 and 5029746?
2
What is the greatest common factor of 2331 and 5876451?
2331
What is the highest common divisor of 21010431 and 40651?
767
What is the highest common factor of 630006 and 1491684?
1182
Calculate the greatest common factor of 122164952 and 224.
56
What is the greatest common factor of 86577128 and 1396?
1396
Calculate the highest common factor of 568160 and 27030.
530
What is the greatest common factor of 131241 and 235873?
451
Calculate the greatest common factor of 2680 and 566430.
10
Calculate the highest common factor of 314168 and 368648.
1816
What is the highest common factor of 22308 and 923?
13
Calculate the highest common divisor of 276 and 21502148.
92
What is the highest common divisor of 247317 and 238?
7
Calculate the highest common divisor of 1164 and 1844358.
582
What is the highest common factor of 391 and 34937856?
17
What is the highest common divisor of 3355845 and 9164985?
8205
Calculate the highest common factor of 163635 and 345.
15
What is the highest common divisor of 1428260 and 1340?
20
What is the greatest common divisor of 11739 and 521703?
273
What is the highest common divisor of 1016345 and 21505?
935
What is the highest common divisor of 9982 and 10863454?
434
Calculate the highest common factor of 420 and 42720468.
84
Calculate the greatest common factor of 119630 and 130.
10
What is the greatest common factor of 3556131 and 12?
3
Calculate the greatest common factor of 65258 and 56.
2
What is the greatest common divisor of 53 and 293883781?
53
What is the highest common divisor of 482544 and 6192?
144
What is the highest common divisor of 108 and 5738652?
36
What is the greatest common divisor of 484 and 551914?
22
Calculate the highest common factor of 2837289 and 4541.
19
What is the highest common factor of 114813895 and 915?
305
What is the greatest common factor of 1880872 and 21448?
56
Calculate the highest common divisor of 102774 and 62454.
42
Calculate the greatest common factor of 10 and 186079.
1
Calculate the greatest common factor of 57 and 192289177.
19
Calculate the highest common factor of 83781 and 2493333.
261
Calculate the highest common factor of 518 and 28640738.
518
What is the greatest common divisor of 14609017 and 191?
191
Calculate the highest common divisor of 22796 and 332756.
164
Calculate the highest common factor of 1376 and 812.
4
What is the highest common divisor of 5353876 and 85636?
1084
Calculate the highest common divisor of 43435 and 914056.
17
Calculate the highest common divisor of 505422 and 5031.
387
What is the greatest common factor of 2588726793 and 22026?
11013
What is the highest common factor of 293 and 40516919?
293
Calculate the highest common divisor of 31747578 and 1452798.
11262
What is the greatest common factor of 20276 and 13265684?
148
What is the greatest common factor of 5911280 and 57?
19
Calculate the highest common divisor of 36254428 and 22484.
2044
Calculate the highest common divisor of 1659 and 156826929.
1659
What is the highest common divisor of 30 and 1297833?
3
What is the greatest common factor of 23805770 and 1340?
670
Calculate the greatest common divisor of 330 and 19410555.
15
What is the greatest common factor of 179231 and 884?
221
What is the greatest common divisor of 45199 and 24409?
77
Calculate the highest common divisor of 966968 and 16.
8
What is the greatest common divisor of 10788 and 95168?
4
What is the greatest common factor of 16072 and 17310528?
328
Calculate the greatest common factor of 9894 and 5853368.
194
Calculate the greatest common divisor of 1932 and 202239.
69
What is the greatest common factor of 910 and 9914541?
91
What is the highest common factor of 60590 and 17961615?
415
What is the highest common divisor of 1176336 and 17712?
432
What is the greatest common factor of 27 and 46427769?
27
What is the greatest common factor of 35810959 and 34?
17
What is the highest common divisor of 13532 and 325312?
68
What is the greatest common factor of 3360 and 356498520?
840
What is the greatest common divisor of 16996413 and 231?
21
Calculate the greatest common factor of 6541313 and 46097.
1487
Calculate the highest common divisor of 15408848 and 133.
133
Calculate the highest common factor of 6597 and 3835789.
733
What is the highest common divisor of 479941896 and 294?
42
What is the greatest common divisor of 526962 and 132486?
426
Calculate the greatest common divisor of 1084081 and 274.
137
Calculate the highest common divisor of 610326 and 18122.
82
Calculate the greatest common divisor of 47871 and 70551.
81
What is the greatest common factor of 1345 and 569645?
5
Calculate the greatest common divisor of 3407358 and 3036.
138
Calculate the greatest common divisor of 4259069 and 3737.
101
Calculate the greatest common factor of 39380376 and 9864.
3288
Calculate the greatest common divisor of 3283 and 5007714.
67
What is the greatest common divisor of 7980393 and 3?
3
What is the highest common divisor of 1372541 and 16907?
1537
Calculate the greatest common factor of 787281990 and 45.
15
What is the highest 